{"id":74816,"date":"2018-03-22T16:30:21","date_gmt":"2018-03-22T15:30:21","guid":{"rendered":"https:\/\/stagingpalara4.it\/shop\/non%20class\u00e9\/superalux\/"},"modified":"2025-07-24T09:48:39","modified_gmt":"2025-07-24T07:48:39","slug":"superalux-o200-cm","status":"publish","type":"product","link":"https:\/\/www.palarasol.it\/fr\/shop\/parasols-fr\/superalux-o200-cm\/","title":{"rendered":"Superalux"},"content":{"rendered":"<p><strong>Mati\u00e8re :<\/strong> Dralon gr 190 finition soleil\/ Texma gr 190 d\u00e9perlant (Lime, Turquoise)<br \/>\n<strong>Solidit\u00e9 des couleurs \u00e0 la lumi\u00e8re :<\/strong> 5-7<br \/>\nProtection UV 20-50+<br \/>\nDiam\u00e8tre cm 200<br \/>\nAvec lambrequins et sangle de fixation<br \/>\nCadre en aluminium mm 35\/40, finition stri\u00e9e<br \/>\nTiges galvanis\u00e9es peintes en blanc<br \/>\nHauteur r\u00e9glable cm 230, sans charni\u00e8re<br \/>\nDoublure avec bandouli\u00e8re <strong>gratuite<\/strong><br \/>\n<strong>Fabriqu\u00e9 en Italie.<\/strong><br \/>\nPi\u00e9destal non inclus (disponible sur commande)<\/p>\n<p>Poids par base &gt; 25kg<\/p>\n","protected":false},"excerpt":{"rendered":"<p>Art 102SA Superalux &#8211; Maffei &#8211; Parasol rond \u00f8 cm 200<\/p>\n<p><a href=\"https:\/\/www.palarasol.it\/wp-content\/uploads\/2018\/03\/art102SA-superalux-schema.jpg\"><img decoding=\"async\" class=\"alignnone size-full wp-image-9670\" src=\"https:\/\/www.palarasol.it\/wp-content\/uploads\/2018\/03\/art102SA-superalux-schema.jpg\" alt=\"art 102SA superalux\" width=\"198\" height=\"110\"\/><\/a><\/p>\n<p>&nbsp;<\/p>\n<p>&nbsp;<\/p>\n","protected":false},"featured_media":85501,"template":"","meta":{"_acf_changed":false,"_monsterinsights_skip_tracking":false},"product_brand":[],"product_cat":[440,541],"product_tag":[436,788,747,435,980,441,981],"class_list":["post-74816","product","type-product","status-publish","has-post-thumbnail","product_cat-parasols-fr","product_cat-parasols-standard","product_tag-fabrique-en-italie","product_tag-parapluies-classiques","product_tag-parapluies-maffei","product_tag-parasol-fr","product_tag-parasol-avec-des-depliants","product_tag-parasol-rond","product_tag-parasols-fr-3","first","instock","shipping-taxable","purchasable","product-type-variable"],"acf":[],"yoast_head":"<!-- This site is optimized with the Yoast SEO plugin v28.3 - https:\/\/yoast.com\/product\/yoast-seo-wordpress\/ -->\n<title>Parasol standard Superalux \u00f8200 - Made in Italy - Palarasol<\/title>\n<meta name=\"description\" content=\"Parasol Superalux \u00d8200, Made in Italy, avec housse et bandouli\u00e8re, armature en aluminium, baleines galvanis\u00e9es blanches, hauteur r\u00e9glable 230 cm, sans articulation.\" \/>\n<meta name=\"robots\" content=\"index, follow, max-snippet:-1, max-image-preview:large, max-video-preview:-1\" \/>\n<link rel=\"canonical\" href=\"https:\/\/www.palarasol.it\/fr\/shop\/parasols-fr\/superalux-o200-cm\/\" \/>\n<meta property=\"og:locale\" content=\"fr_FR\" \/>\n<meta property=\"og:type\" content=\"article\" \/>\n<meta property=\"og:title\" content=\"Parasol standard Superalux \u00f8200 - Made in Italy - Palarasol\" \/>\n<meta property=\"og:description\" content=\"Parasol Superalux \u00d8200, Made in Italy, avec housse et bandouli\u00e8re, armature en aluminium, baleines galvanis\u00e9es blanches, hauteur r\u00e9glable 230 cm, sans articulation.\" \/>\n<meta property=\"og:url\" content=\"https:\/\/www.palarasol.it\/fr\/shop\/parasols-fr\/superalux-o200-cm\/\" \/>\n<meta property=\"og:site_name\" content=\"Palarasol\" \/>\n<meta property=\"article:publisher\" content=\"https:\/\/www.facebook.com\/palarasol\" \/>\n<meta property=\"article:modified_time\" content=\"2025-07-24T07:48:39+00:00\" \/>\n<meta property=\"og:image\" content=\"https:\/\/www.palarasol.it\/wp-content\/uploads\/2018\/03\/superlaux-art102sa-5.jpg\" \/>\n\t<meta property=\"og:image:width\" content=\"1200\" \/>\n\t<meta property=\"og:image:height\" content=\"800\" \/>\n\t<meta property=\"og:image:type\" content=\"image\/jpeg\" \/>\n<meta name=\"twitter:card\" content=\"summary_large_image\" \/>\n<meta name=\"twitter:site\" content=\"@palarasol\" \/>\n<script type=\"application\/ld+json\" class=\"yoast-schema-graph\">{\"@context\":\"https:\\\/\\\/schema.org\",\"@graph\":[{\"@type\":\"WebPage\",\"@id\":\"https:\\\/\\\/www.palarasol.it\\\/fr\\\/shop\\\/parasols-fr\\\/superalux-o200-cm\\\/\",\"url\":\"https:\\\/\\\/www.palarasol.it\\\/fr\\\/shop\\\/parasols-fr\\\/superalux-o200-cm\\\/\",\"name\":\"Parasol standard Superalux \u00f8200 - Made in Italy - Palarasol\",\"isPartOf\":{\"@id\":\"http:\\\/\\\/www.palarasol.it\\\/fr\\\/#website\"},\"primaryImageOfPage\":{\"@id\":\"https:\\\/\\\/www.palarasol.it\\\/fr\\\/shop\\\/parasols-fr\\\/superalux-o200-cm\\\/#primaryimage\"},\"image\":{\"@id\":\"https:\\\/\\\/www.palarasol.it\\\/fr\\\/shop\\\/parasols-fr\\\/superalux-o200-cm\\\/#primaryimage\"},\"thumbnailUrl\":\"https:\\\/\\\/www.palarasol.it\\\/wp-content\\\/uploads\\\/2018\\\/03\\\/PER-WEB-scaled.jpg\",\"datePublished\":\"2018-03-22T15:30:21+00:00\",\"dateModified\":\"2025-07-24T07:48:39+00:00\",\"description\":\"Parasol Superalux \u00d8200, Made in Italy, avec housse et bandouli\u00e8re, armature en aluminium, baleines galvanis\u00e9es blanches, hauteur r\u00e9glable 230 cm, sans articulation.\",\"breadcrumb\":{\"@id\":\"https:\\\/\\\/www.palarasol.it\\\/fr\\\/shop\\\/parasols-fr\\\/superalux-o200-cm\\\/#breadcrumb\"},\"inLanguage\":\"fr-FR\",\"potentialAction\":[{\"@type\":\"ReadAction\",\"target\":[\"https:\\\/\\\/www.palarasol.it\\\/fr\\\/shop\\\/parasols-fr\\\/superalux-o200-cm\\\/\"]}]},{\"@type\":\"ImageObject\",\"inLanguage\":\"fr-FR\",\"@id\":\"https:\\\/\\\/www.palarasol.it\\\/fr\\\/shop\\\/parasols-fr\\\/superalux-o200-cm\\\/#primaryimage\",\"url\":\"https:\\\/\\\/www.palarasol.it\\\/wp-content\\\/uploads\\\/2018\\\/03\\\/PER-WEB-scaled.jpg\",\"contentUrl\":\"https:\\\/\\\/www.palarasol.it\\\/wp-content\\\/uploads\\\/2018\\\/03\\\/PER-WEB-scaled.jpg\",\"width\":2560,\"height\":1920},{\"@type\":\"BreadcrumbList\",\"@id\":\"https:\\\/\\\/www.palarasol.it\\\/fr\\\/shop\\\/parasols-fr\\\/superalux-o200-cm\\\/#breadcrumb\",\"itemListElement\":[{\"@type\":\"ListItem\",\"position\":1,\"name\":\"Home\",\"item\":\"https:\\\/\\\/www.palarasol.it\\\/fr\\\/10073-2\\\/\"},{\"@type\":\"ListItem\",\"position\":2,\"name\":\"Boutique\",\"item\":\"https:\\\/\\\/www.palarasol.it\\\/fr\\\/boutique-2\\\/\"},{\"@type\":\"ListItem\",\"position\":3,\"name\":\"Parasols standard\",\"item\":\"https:\\\/\\\/www.palarasol.it\\\/fr\\\/categorie-produit\\\/parasols-standard\\\/\"},{\"@type\":\"ListItem\",\"position\":4,\"name\":\"Superalux\"}]},{\"@type\":\"WebSite\",\"@id\":\"http:\\\/\\\/www.palarasol.it\\\/fr\\\/#website\",\"url\":\"http:\\\/\\\/www.palarasol.it\\\/fr\\\/\",\"name\":\"Palarasol\",\"description\":\"\",\"publisher\":{\"@id\":\"http:\\\/\\\/www.palarasol.it\\\/fr\\\/#organization\"},\"potentialAction\":[{\"@type\":\"SearchAction\",\"target\":{\"@type\":\"EntryPoint\",\"urlTemplate\":\"http:\\\/\\\/www.palarasol.it\\\/fr\\\/?s={search_term_string}\"},\"query-input\":{\"@type\":\"PropertyValueSpecification\",\"valueRequired\":true,\"valueName\":\"search_term_string\"}}],\"inLanguage\":\"fr-FR\"},{\"@type\":\"Organization\",\"@id\":\"http:\\\/\\\/www.palarasol.it\\\/fr\\\/#organization\",\"name\":\"Palara Gianluca & C. S.a.s\",\"url\":\"http:\\\/\\\/www.palarasol.it\\\/fr\\\/\",\"logo\":{\"@type\":\"ImageObject\",\"inLanguage\":\"fr-FR\",\"@id\":\"http:\\\/\\\/www.palarasol.it\\\/fr\\\/#\\\/schema\\\/logo\\\/image\\\/\",\"url\":\"https:\\\/\\\/stagingpalara4.it\\\/wp-content\\\/uploads\\\/2015\\\/06\\\/logo.png\",\"contentUrl\":\"https:\\\/\\\/stagingpalara4.it\\\/wp-content\\\/uploads\\\/2015\\\/06\\\/logo.png\",\"width\":800,\"height\":189,\"caption\":\"Palara Gianluca & C. S.a.s\"},\"image\":{\"@id\":\"http:\\\/\\\/www.palarasol.it\\\/fr\\\/#\\\/schema\\\/logo\\\/image\\\/\"},\"sameAs\":[\"https:\\\/\\\/www.facebook.com\\\/palarasol\",\"https:\\\/\\\/x.com\\\/palarasol\"]}]}<\/script>\n<!-- \/ Yoast SEO plugin. -->","yoast_head_json":{"title":"Parasol standard Superalux \u00f8200 - Made in Italy - Palarasol","description":"Parasol Superalux \u00d8200, Made in Italy, avec housse et bandouli\u00e8re, armature en aluminium, baleines galvanis\u00e9es blanches, hauteur r\u00e9glable 230 cm, sans articulation.","robots":{"index":"index","follow":"follow","max-snippet":"max-snippet:-1","max-image-preview":"max-image-preview:large","max-video-preview":"max-video-preview:-1"},"canonical":"https:\/\/www.palarasol.it\/fr\/shop\/parasols-fr\/superalux-o200-cm\/","og_locale":"fr_FR","og_type":"article","og_title":"Parasol standard Superalux \u00f8200 - Made in Italy - Palarasol","og_description":"Parasol Superalux \u00d8200, Made in Italy, avec housse et bandouli\u00e8re, armature en aluminium, baleines galvanis\u00e9es blanches, hauteur r\u00e9glable 230 cm, sans articulation.","og_url":"https:\/\/www.palarasol.it\/fr\/shop\/parasols-fr\/superalux-o200-cm\/","og_site_name":"Palarasol","article_publisher":"https:\/\/www.facebook.com\/palarasol","article_modified_time":"2025-07-24T07:48:39+00:00","og_image":[{"width":1200,"height":800,"url":"https:\/\/www.palarasol.it\/wp-content\/uploads\/2018\/03\/superlaux-art102sa-5.jpg","type":"image\/jpeg"}],"twitter_card":"summary_large_image","twitter_site":"@palarasol","schema":{"@context":"https:\/\/schema.org","@graph":[{"@type":"WebPage","@id":"https:\/\/www.palarasol.it\/fr\/shop\/parasols-fr\/superalux-o200-cm\/","url":"https:\/\/www.palarasol.it\/fr\/shop\/parasols-fr\/superalux-o200-cm\/","name":"Parasol standard Superalux \u00f8200 - Made in Italy - Palarasol","isPartOf":{"@id":"http:\/\/www.palarasol.it\/fr\/#website"},"primaryImageOfPage":{"@id":"https:\/\/www.palarasol.it\/fr\/shop\/parasols-fr\/superalux-o200-cm\/#primaryimage"},"image":{"@id":"https:\/\/www.palarasol.it\/fr\/shop\/parasols-fr\/superalux-o200-cm\/#primaryimage"},"thumbnailUrl":"https:\/\/www.palarasol.it\/wp-content\/uploads\/2018\/03\/PER-WEB-scaled.jpg","datePublished":"2018-03-22T15:30:21+00:00","dateModified":"2025-07-24T07:48:39+00:00","description":"Parasol Superalux \u00d8200, Made in Italy, avec housse et bandouli\u00e8re, armature en aluminium, baleines galvanis\u00e9es blanches, hauteur r\u00e9glable 230 cm, sans articulation.","breadcrumb":{"@id":"https:\/\/www.palarasol.it\/fr\/shop\/parasols-fr\/superalux-o200-cm\/#breadcrumb"},"inLanguage":"fr-FR","potentialAction":[{"@type":"ReadAction","target":["https:\/\/www.palarasol.it\/fr\/shop\/parasols-fr\/superalux-o200-cm\/"]}]},{"@type":"ImageObject","inLanguage":"fr-FR","@id":"https:\/\/www.palarasol.it\/fr\/shop\/parasols-fr\/superalux-o200-cm\/#primaryimage","url":"https:\/\/www.palarasol.it\/wp-content\/uploads\/2018\/03\/PER-WEB-scaled.jpg","contentUrl":"https:\/\/www.palarasol.it\/wp-content\/uploads\/2018\/03\/PER-WEB-scaled.jpg","width":2560,"height":1920},{"@type":"BreadcrumbList","@id":"https:\/\/www.palarasol.it\/fr\/shop\/parasols-fr\/superalux-o200-cm\/#breadcrumb","itemListElement":[{"@type":"ListItem","position":1,"name":"Home","item":"https:\/\/www.palarasol.it\/fr\/10073-2\/"},{"@type":"ListItem","position":2,"name":"Boutique","item":"https:\/\/www.palarasol.it\/fr\/boutique-2\/"},{"@type":"ListItem","position":3,"name":"Parasols standard","item":"https:\/\/www.palarasol.it\/fr\/categorie-produit\/parasols-standard\/"},{"@type":"ListItem","position":4,"name":"Superalux"}]},{"@type":"WebSite","@id":"http:\/\/www.palarasol.it\/fr\/#website","url":"http:\/\/www.palarasol.it\/fr\/","name":"Palarasol","description":"","publisher":{"@id":"http:\/\/www.palarasol.it\/fr\/#organization"},"potentialAction":[{"@type":"SearchAction","target":{"@type":"EntryPoint","urlTemplate":"http:\/\/www.palarasol.it\/fr\/?s={search_term_string}"},"query-input":{"@type":"PropertyValueSpecification","valueRequired":true,"valueName":"search_term_string"}}],"inLanguage":"fr-FR"},{"@type":"Organization","@id":"http:\/\/www.palarasol.it\/fr\/#organization","name":"Palara Gianluca & C. S.a.s","url":"http:\/\/www.palarasol.it\/fr\/","logo":{"@type":"ImageObject","inLanguage":"fr-FR","@id":"http:\/\/www.palarasol.it\/fr\/#\/schema\/logo\/image\/","url":"https:\/\/stagingpalara4.it\/wp-content\/uploads\/2015\/06\/logo.png","contentUrl":"https:\/\/stagingpalara4.it\/wp-content\/uploads\/2015\/06\/logo.png","width":800,"height":189,"caption":"Palara Gianluca & C. S.a.s"},"image":{"@id":"http:\/\/www.palarasol.it\/fr\/#\/schema\/logo\/image\/"},"sameAs":["https:\/\/www.facebook.com\/palarasol","https:\/\/x.com\/palarasol"]}]}},"_links":{"self":[{"href":"https:\/\/www.palarasol.it\/fr\/wp-json\/wp\/v2\/product\/74816","targetHints":{"allow":["GET"]}}],"collection":[{"href":"https:\/\/www.palarasol.it\/fr\/wp-json\/wp\/v2\/product"}],"about":[{"href":"https:\/\/www.palarasol.it\/fr\/wp-json\/wp\/v2\/types\/product"}],"version-history":[{"count":0,"href":"https:\/\/www.palarasol.it\/fr\/wp-json\/wp\/v2\/product\/74816\/revisions"}],"wp:featuredmedia":[{"embeddable":true,"href":"https:\/\/www.palarasol.it\/fr\/wp-json\/wp\/v2\/media\/85501"}],"wp:attachment":[{"href":"https:\/\/www.palarasol.it\/fr\/wp-json\/wp\/v2\/media?parent=74816"}],"wp:term":[{"taxonomy":"product_brand","embeddable":true,"href":"https:\/\/www.palarasol.it\/fr\/wp-json\/wp\/v2\/product_brand?post=74816"},{"taxonomy":"product_cat","embeddable":true,"href":"https:\/\/www.palarasol.it\/fr\/wp-json\/wp\/v2\/product_cat?post=74816"},{"taxonomy":"product_tag","embeddable":true,"href":"https:\/\/www.palarasol.it\/fr\/wp-json\/wp\/v2\/product_tag?post=74816"}],"curies":[{"name":"wp","href":"https:\/\/api.w.org\/{rel}","templated":true}]}}

https://stagingpalara4.it/shop/non%20classé/superalux/

<p><strong>Matière :</strong> Dralon gr 190 finition soleil/ Texma gr 190 déperlant (Lime, Turquoise)<br />
<strong>Solidité des couleurs à la lumière :</strong> 5-7<br />
Protection UV 20-50+<br />
Diamètre cm 200<br />
Avec lambrequins et sangle de fixation<br />
Cadre en aluminium mm 35/40, finition striée<br />
Tiges galvanisées peintes en blanc<br />
Hauteur réglable cm 230, sans charnière<br />
Doublure avec bandoulière <strong>gratuite</strong><br />
<strong>Fabriqué en Italie.</strong><br />
Piédestal non inclus (disponible sur commande)</p>
<p>Poids par base &gt; 25kg</p>

<p>Art 102SA Superalux &#8211; Maffei &#8211; Parasol rond ø cm 200</p>
<p><a href="https://www.palarasol.it/wp-content/uploads/2018/03/art102SA-superalux-schema.jpg"><img decoding="async" class="alignnone size-full wp-image-9670" src="https://www.palarasol.it/wp-content/uploads/2018/03/art102SA-superalux-schema.jpg" alt="art 102SA superalux" width="198" height="110"/></a></p>
<p>&nbsp;</p>
<p>&nbsp;</p>

<!-- This site is optimized with the Yoast SEO plugin v28.3 - https://yoast.com/product/yoast-seo-wordpress/ -->
<title>Parasol standard Superalux ø200 - Made in Italy - Palarasol</title>
<meta name="description" content="Parasol Superalux Ø200, Made in Italy, avec housse et bandoulière, armature en aluminium, baleines galvanisées blanches, hauteur réglable 230 cm, sans articulation." />
<meta name="robots" content="index, follow, max-snippet:-1, max-image-preview:large, max-video-preview:-1" />
<link rel="canonical" href="https://www.palarasol.it/fr/shop/parasols-fr/superalux-o200-cm/" />
<meta property="og:locale" content="fr_FR" />
<meta property="og:type" content="article" />
<meta property="og:title" content="Parasol standard Superalux ø200 - Made in Italy - Palarasol" />
<meta property="og:description" content="Parasol Superalux Ø200, Made in Italy, avec housse et bandoulière, armature en aluminium, baleines galvanisées blanches, hauteur réglable 230 cm, sans articulation." />
<meta property="og:url" content="https://www.palarasol.it/fr/shop/parasols-fr/superalux-o200-cm/" />
<meta property="og:site_name" content="Palarasol" />
<meta property="article:publisher" content="https://www.facebook.com/palarasol" />
<meta property="article:modified_time" content="2025-07-24T07:48:39+00:00" />
<meta property="og:image" content="https://www.palarasol.it/wp-content/uploads/2018/03/superlaux-art102sa-5.jpg" />
	<meta property="og:image:width" content="1200" />
	<meta property="og:image:height" content="800" />
	<meta property="og:image:type" content="image/jpeg" />
<meta name="twitter:card" content="summary_large_image" />
<meta name="twitter:site" content="@palarasol" />
<script type="application/ld+json" class="yoast-schema-graph">{"@context":"https:\/\/schema.org","@graph":[{"@type":"WebPage","@id":"https:\/\/www.palarasol.it\/fr\/shop\/parasols-fr\/superalux-o200-cm\/","url":"https:\/\/www.palarasol.it\/fr\/shop\/parasols-fr\/superalux-o200-cm\/","name":"Parasol standard Superalux ø200 - Made in Italy - Palarasol","isPartOf":{"@id":"http:\/\/www.palarasol.it\/fr\/#website"},"primaryImageOfPage":{"@id":"https:\/\/www.palarasol.it\/fr\/shop\/parasols-fr\/superalux-o200-cm\/#primaryimage"},"image":{"@id":"https:\/\/www.palarasol.it\/fr\/shop\/parasols-fr\/superalux-o200-cm\/#primaryimage"},"thumbnailUrl":"https:\/\/www.palarasol.it\/wp-content\/uploads\/2018\/03\/PER-WEB-scaled.jpg","datePublished":"2018-03-22T15:30:21+00:00","dateModified":"2025-07-24T07:48:39+00:00","description":"Parasol Superalux Ø200, Made in Italy, avec housse et bandoulière, armature en aluminium, baleines galvanisées blanches, hauteur réglable 230 cm, sans articulation.","breadcrumb":{"@id":"https:\/\/www.palarasol.it\/fr\/shop\/parasols-fr\/superalux-o200-cm\/#breadcrumb"},"inLanguage":"fr-FR","potentialAction":[{"@type":"ReadAction","target":["https:\/\/www.palarasol.it\/fr\/shop\/parasols-fr\/superalux-o200-cm\/"]}]},{"@type":"ImageObject","inLanguage":"fr-FR","@id":"https:\/\/www.palarasol.it\/fr\/shop\/parasols-fr\/superalux-o200-cm\/#primaryimage","url":"https:\/\/www.palarasol.it\/wp-content\/uploads\/2018\/03\/PER-WEB-scaled.jpg","contentUrl":"https:\/\/www.palarasol.it\/wp-content\/uploads\/2018\/03\/PER-WEB-scaled.jpg","width":2560,"height":1920},{"@type":"BreadcrumbList","@id":"https:\/\/www.palarasol.it\/fr\/shop\/parasols-fr\/superalux-o200-cm\/#breadcrumb","itemListElement":[{"@type":"ListItem","position":1,"name":"Home","item":"https:\/\/www.palarasol.it\/fr\/10073-2\/"},{"@type":"ListItem","position":2,"name":"Boutique","item":"https:\/\/www.palarasol.it\/fr\/boutique-2\/"},{"@type":"ListItem","position":3,"name":"Parasols standard","item":"https:\/\/www.palarasol.it\/fr\/categorie-produit\/parasols-standard\/"},{"@type":"ListItem","position":4,"name":"Superalux"}]},{"@type":"WebSite","@id":"http:\/\/www.palarasol.it\/fr\/#website","url":"http:\/\/www.palarasol.it\/fr\/","name":"Palarasol","description":"","publisher":{"@id":"http:\/\/www.palarasol.it\/fr\/#organization"},"potentialAction":[{"@type":"SearchAction","target":{"@type":"EntryPoint","urlTemplate":"http:\/\/www.palarasol.it\/fr\/?s={search_term_string}"},"query-input":{"@type":"PropertyValueSpecification","valueRequired":true,"valueName":"search_term_string"}}],"inLanguage":"fr-FR"},{"@type":"Organization","@id":"http:\/\/www.palarasol.it\/fr\/#organization","name":"Palara Gianluca & C. S.a.s","url":"http:\/\/www.palarasol.it\/fr\/","logo":{"@type":"ImageObject","inLanguage":"fr-FR","@id":"http:\/\/www.palarasol.it\/fr\/#\/schema\/logo\/image\/","url":"https:\/\/stagingpalara4.it\/wp-content\/uploads\/2015\/06\/logo.png","contentUrl":"https:\/\/stagingpalara4.it\/wp-content\/uploads\/2015\/06\/logo.png","width":800,"height":189,"caption":"Palara Gianluca & C. S.a.s"},"image":{"@id":"http:\/\/www.palarasol.it\/fr\/#\/schema\/logo\/image\/"},"sameAs":["https:\/\/www.facebook.com\/palarasol","https:\/\/x.com\/palarasol"]}]}</script>
<!-- / Yoast SEO plugin. -->

Parasol standard Superalux ø200 - Made in Italy - Palarasol

Parasol Superalux Ø200, Made in Italy, avec housse et bandoulière, armature en aluminium, baleines galvanisées blanches, hauteur réglable 230 cm, sans articulation.
